

{"id":40100,"date":"2019-01-02T12:01:41","date_gmt":"2019-01-02T12:01:41","guid":{"rendered":"https:\/\/profaj.com\/ekip\/aylin-bengi\/"},"modified":"2019-01-02T12:01:41","modified_gmt":"2019-01-02T12:01:41","slug":"aylin-bengi","status":"publish","type":"ekip","link":"https:\/\/profaj.com\/en\/ekip\/aylin-bengi\/","title":{"rendered":"Aylin Bengi"},"content":{"rendered":"<section class=\"l-section wpb_row height_medium\"><div class=\"l-section-h i-cf\"><div class=\"g-cols vc_row via_flex valign_top type_default\"><div class=\"vc_col-sm-4 wpb_column vc_column_container\"><div class=\"vc_column-inner\"><div class=\"wpb_wrapper\"><div class=\"w-image align_none\"><div class=\"w-image-h\"><img loading=\"lazy\" decoding=\"async\" width=\"1024\" height=\"1024\" src=\"https:\/\/profaj.com\/wp-content\/uploads\/2019\/01\/aylin-bengi-1024x1024.jpg\" class=\"attachment-large size-large\" alt=\"\" srcset=\"https:\/\/profaj.com\/wp-content\/uploads\/2019\/01\/aylin-bengi-1024x1024.jpg 1024w, https:\/\/profaj.com\/wp-content\/uploads\/2019\/01\/aylin-bengi-150x150.jpg 150w, https:\/\/profaj.com\/wp-content\/uploads\/2019\/01\/aylin-bengi-300x300.jpg 300w, https:\/\/profaj.com\/wp-content\/uploads\/2019\/01\/aylin-bengi-350x350.jpg 350w, https:\/\/profaj.com\/wp-content\/uploads\/2019\/01\/aylin-bengi-600x600.jpg 600w, https:\/\/profaj.com\/wp-content\/uploads\/2019\/01\/aylin-bengi.jpg 1200w\" sizes=\"auto, (max-width: 1024px) 100vw, 1024px\" \/><\/div><\/div><\/div><\/div><\/div><div class=\"vc_col-sm-8 wpb_column vc_column_container\"><div class=\"vc_column-inner\"><div class=\"wpb_wrapper\"><div class=\"wpb_text_column lowpadding\"><div class=\"wpb_wrapper\"><h3>Aylin Bengi<\/h3>\n<p><strong>Kurucu Ortak<\/strong><\/p>\n<p><a href=\"mailto:aylin@profaj.com\">aylin@profaj.com<\/a><\/p>\n<\/div><\/div><div class=\"w-separator size_custom\" style=\"height:0.5rem\"><\/div><div class=\"wpb_text_column\"><div class=\"wpb_wrapper\"><p>Aylin Bengi Mu\u011fla \u00dcniversitesi Sosyoloji B\u00f6l\u00fcm\u00fc mezunudur. Ayn\u0131 zamanda \u015firketin kurucu orta\u011f\u0131d\u0131r. \u00d6zellikle toplumlar\u0131n sat\u0131n alma e\u011filimleri \u00fczerine \u00e7al\u0131\u015fmay\u0131 seviyor.<\/p>\n<\/div><\/div><\/div><\/div><\/div><\/div><\/div><\/section>\n","protected":false},"excerpt":{"rendered":"Aylin Bengi Kurucu Ortak aylin@profaj.com Aylin Bengi Mu\u011fla \u00dcniversitesi Sosyoloji B\u00f6l\u00fcm\u00fc mezunudur. Ayn\u0131 zamanda \u015firketin kurucu orta\u011f\u0131d\u0131r. \u00d6zellikle toplumlar\u0131n sat\u0131n alma e\u011filimleri \u00fczerine \u00e7al\u0131\u015fmay\u0131 seviyor.","protected":false},"featured_media":28599,"template":"","meta":[],"ekip_departman":[934],"class_list":["post-40100","ekip","type-ekip","status-publish","has-post-thumbnail","hentry","ekip_departman-customer-relations"],"_links":{"self":[{"href":"https:\/\/profaj.com\/en\/wp-json\/wp\/v2\/ekip\/40100","targetHints":{"allow":["GET"]}}],"collection":[{"href":"https:\/\/profaj.com\/en\/wp-json\/wp\/v2\/ekip"}],"about":[{"href":"https:\/\/profaj.com\/en\/wp-json\/wp\/v2\/types\/ekip"}],"wp:featuredmedia":[{"embeddable":true,"href":"https:\/\/profaj.com\/en\/wp-json\/wp\/v2\/media\/28599"}],"wp:attachment":[{"href":"https:\/\/profaj.com\/en\/wp-json\/wp\/v2\/media?parent=40100"}],"wp:term":[{"taxonomy":"ekip_departman","embeddable":true,"href":"https:\/\/profaj.com\/en\/wp-json\/wp\/v2\/ekip_departman?post=40100"}],"curies":[{"name":"wp","href":"https:\/\/api.w.org\/{rel}","templated":true}]}}

<section class="l-section wpb_row height_medium"><div class="l-section-h i-cf"><div class="g-cols vc_row via_flex valign_top type_default"><div class="vc_col-sm-4 wpb_column vc_column_container"><div class="vc_column-inner"><div class="wpb_wrapper"><div class="w-image align_none"><div class="w-image-h"><img loading="lazy" decoding="async" width="1024" height="1024" src="https://profaj.com/wp-content/uploads/2019/01/aylin-bengi-1024x1024.jpg" class="attachment-large size-large" alt="" srcset="https://profaj.com/wp-content/uploads/2019/01/aylin-bengi-1024x1024.jpg 1024w, https://profaj.com/wp-content/uploads/2019/01/aylin-bengi-150x150.jpg 150w, https://profaj.com/wp-content/uploads/2019/01/aylin-bengi-300x300.jpg 300w, https://profaj.com/wp-content/uploads/2019/01/aylin-bengi-350x350.jpg 350w, https://profaj.com/wp-content/uploads/2019/01/aylin-bengi-600x600.jpg 600w, https://profaj.com/wp-content/uploads/2019/01/aylin-bengi.jpg 1200w" sizes="auto, (max-width: 1024px) 100vw, 1024px" /></div></div></div></div></div><div class="vc_col-sm-8 wpb_column vc_column_container"><div class="vc_column-inner"><div class="wpb_wrapper"><div class="wpb_text_column lowpadding"><div class="wpb_wrapper"><h3>Aylin Bengi</h3>
<p><strong>Kurucu Ortak</strong></p>
<p><a href="mailto:aylin@profaj.com">aylin@profaj.com</a></p>
</div></div><div class="w-separator size_custom" style="height:0.5rem"></div><div class="wpb_text_column"><div class="wpb_wrapper"><p>Aylin Bengi Muğla Üniversitesi Sosyoloji Bölümü mezunudur. Aynı zamanda şirketin kurucu ortağıdır. Özellikle toplumların satın alma eğilimleri üzerine çalışmayı seviyor.</p>
</div></div></div></div></div></div></div></section>

Aylin Bengi Kurucu Ortak aylin@profaj.com Aylin Bengi Muğla Üniversitesi Sosyoloji Bölümü mezunudur. Aynı zamanda şirketin kurucu ortağıdır. Özellikle toplumların satın alma eğilimleri üzerine çalışmayı seviyor.
