

{"id":40105,"date":"2019-03-13T17:00:57","date_gmt":"2019-03-13T14:00:57","guid":{"rendered":"https:\/\/profaj.com\/ekip\/asli-karagoz\/"},"modified":"2026-04-27T16:01:51","modified_gmt":"2026-04-27T13:01:51","slug":"asli-karagoz","status":"publish","type":"ekip","link":"https:\/\/profaj.com\/en\/ekip\/asli-karagoz\/","title":{"rendered":"Asl\u0131 Karag\u00f6z"},"content":{"rendered":"<section class=\"l-section wpb_row height_medium\"><div class=\"l-section-h i-cf\"><div class=\"g-cols vc_row via_flex valign_top type_default\"><div class=\"vc_col-sm-4 wpb_column vc_column_container\"><div class=\"vc_column-inner\"><div class=\"wpb_wrapper\"><div class=\"w-image align_none\"><div class=\"w-image-h\"><img loading=\"lazy\" decoding=\"async\" width=\"1000\" height=\"1000\" src=\"https:\/\/profaj.com\/wp-content\/uploads\/2019\/03\/asli-karagoz-profaj.webp\" class=\"attachment-large size-large\" alt=\"\" srcset=\"https:\/\/profaj.com\/wp-content\/uploads\/2019\/03\/asli-karagoz-profaj.webp 1000w, https:\/\/profaj.com\/wp-content\/uploads\/2019\/03\/asli-karagoz-profaj-300x300.webp 300w, https:\/\/profaj.com\/wp-content\/uploads\/2019\/03\/asli-karagoz-profaj-150x150.webp 150w, https:\/\/profaj.com\/wp-content\/uploads\/2019\/03\/asli-karagoz-profaj-350x350.webp 350w, https:\/\/profaj.com\/wp-content\/uploads\/2019\/03\/asli-karagoz-profaj-600x600.webp 600w, https:\/\/profaj.com\/wp-content\/uploads\/2019\/03\/asli-karagoz-profaj-450x450.webp 450w, https:\/\/profaj.com\/wp-content\/uploads\/2019\/03\/asli-karagoz-profaj-533x533.webp 533w, https:\/\/profaj.com\/wp-content\/uploads\/2019\/03\/asli-karagoz-profaj-500x500.webp 500w, https:\/\/profaj.com\/wp-content\/uploads\/2019\/03\/asli-karagoz-profaj-800x800.webp 800w\" sizes=\"auto, (max-width: 1000px) 100vw, 1000px\" \/><\/div><\/div><\/div><\/div><\/div><div class=\"vc_col-sm-8 wpb_column vc_column_container\"><div class=\"vc_column-inner\"><div class=\"wpb_wrapper\"><div class=\"wpb_text_column lowpadding\"><div class=\"wpb_wrapper\"><h3>Asl\u0131 Karag\u00f6z<\/h3>\n<p><strong>M\u00fc\u015fteri \u0130li\u015fkileri<\/strong><\/p>\n<p><a href=\"mailto:asli@profaj.com\">asli@profaj.com<\/a><\/p>\n<\/div><\/div><div class=\"w-separator size_custom\" style=\"height:0.5rem\"><\/div><div class=\"wpb_text_column\"><div class=\"wpb_wrapper\"><p>Ege \u00dcniversitesi \u0130leti\u015fim Fak\u00fcltesi Reklamc\u0131l\u0131k B\u00f6l\u00fcm\u00fc Mezunu.<\/p>\n<p>360 Derece Marka Y\u00f6netimi alan\u0131nda 7 y\u0131l\u0131 a\u015fk\u0131n tecr\u00fcbeye sahip olan Asl\u0131, kariyerine Profaj&#8217;da <b>Kilit M\u00fc\u015fteri Y\u00f6neticisi<\/b> olarak devam ediyor.<\/p>\n<p>M\u00fc\u015fteri beklentilerini ve i\u015f hedeflerini derinlemesine analiz eden bu pozisyonda, markalar i\u00e7in uzun soluklu stratejiler geli\u015ftirerek projelerin zaman\u0131nda, b\u00fct\u00e7e dahilinde ve hedeflenen kalite standartlar\u0131nda A&#8217;dan Z&#8217;ye y\u00f6netilmesini sa\u011fl\u0131yor.<\/p>\n<p><b>Yetenek ve Uzmanl\u0131klar\u0131:<\/b><\/p>\n<ul>\n<li>M\u00fc\u015fteri \u0130li\u015fkileri Y\u00f6netimi<\/li>\n<li>360 Derece Marka Y\u00f6netimi<\/li>\n<li>Dijital Pazarlama Stratejisi<\/li>\n<li>Kurumsal \u0130leti\u015fim<\/li>\n<li>\u0130\u00e7erik Geli\u015ftirme<\/li>\n<li>Proje Y\u00f6netimi<\/li>\n<li>Ekip Y\u00f6netimi<\/li>\n<li>M\u00fczakere Becerileri<\/li>\n<li>Reklam Kampanyas\u0131 Y\u00f6netimi<\/li>\n<\/ul>\n<\/div><\/div><\/div><\/div><\/div><\/div><\/div><\/section>\n","protected":false},"excerpt":{"rendered":"Asl\u0131 Karag\u00f6z M\u00fc\u015fteri \u0130li\u015fkileri asli@profaj.com Ege \u00dcniversitesi \u0130leti\u015fim Fak\u00fcltesi Reklamc\u0131l\u0131k B\u00f6l\u00fcm\u00fc Mezunu. 360 Derece Marka Y\u00f6netimi alan\u0131nda 7 y\u0131l\u0131 a\u015fk\u0131n tecr\u00fcbeye sahip olan Asl\u0131, kariyerine Profaj&#8217;da Kilit M\u00fc\u015fteri Y\u00f6neticisi olarak devam ediyor. M\u00fc\u015fteri beklentilerini ve i\u015f hedeflerini derinlemesine analiz eden bu pozisyonda, markalar i\u00e7in uzun soluklu stratejiler geli\u015ftirerek projelerin zaman\u0131nda, b\u00fct\u00e7e dahilinde ve hedeflenen kalite...","protected":false},"featured_media":40932,"template":"","meta":[],"ekip_departman":[934],"class_list":["post-40105","ekip","type-ekip","status-publish","has-post-thumbnail","hentry","ekip_departman-customer-relations"],"_links":{"self":[{"href":"https:\/\/profaj.com\/en\/wp-json\/wp\/v2\/ekip\/40105","targetHints":{"allow":["GET"]}}],"collection":[{"href":"https:\/\/profaj.com\/en\/wp-json\/wp\/v2\/ekip"}],"about":[{"href":"https:\/\/profaj.com\/en\/wp-json\/wp\/v2\/types\/ekip"}],"wp:featuredmedia":[{"embeddable":true,"href":"https:\/\/profaj.com\/en\/wp-json\/wp\/v2\/media\/40932"}],"wp:attachment":[{"href":"https:\/\/profaj.com\/en\/wp-json\/wp\/v2\/media?parent=40105"}],"wp:term":[{"taxonomy":"ekip_departman","embeddable":true,"href":"https:\/\/profaj.com\/en\/wp-json\/wp\/v2\/ekip_departman?post=40105"}],"curies":[{"name":"wp","href":"https:\/\/api.w.org\/{rel}","templated":true}]}}

Aslı Karagöz

<section class="l-section wpb_row height_medium"><div class="l-section-h i-cf"><div class="g-cols vc_row via_flex valign_top type_default"><div class="vc_col-sm-4 wpb_column vc_column_container"><div class="vc_column-inner"><div class="wpb_wrapper"><div class="w-image align_none"><div class="w-image-h"><img loading="lazy" decoding="async" width="1000" height="1000" src="https://profaj.com/wp-content/uploads/2019/03/asli-karagoz-profaj.webp" class="attachment-large size-large" alt="" srcset="https://profaj.com/wp-content/uploads/2019/03/asli-karagoz-profaj.webp 1000w, https://profaj.com/wp-content/uploads/2019/03/asli-karagoz-profaj-300x300.webp 300w, https://profaj.com/wp-content/uploads/2019/03/asli-karagoz-profaj-150x150.webp 150w, https://profaj.com/wp-content/uploads/2019/03/asli-karagoz-profaj-350x350.webp 350w, https://profaj.com/wp-content/uploads/2019/03/asli-karagoz-profaj-600x600.webp 600w, https://profaj.com/wp-content/uploads/2019/03/asli-karagoz-profaj-450x450.webp 450w, https://profaj.com/wp-content/uploads/2019/03/asli-karagoz-profaj-533x533.webp 533w, https://profaj.com/wp-content/uploads/2019/03/asli-karagoz-profaj-500x500.webp 500w, https://profaj.com/wp-content/uploads/2019/03/asli-karagoz-profaj-800x800.webp 800w" sizes="auto, (max-width: 1000px) 100vw, 1000px" /></div></div></div></div></div><div class="vc_col-sm-8 wpb_column vc_column_container"><div class="vc_column-inner"><div class="wpb_wrapper"><div class="wpb_text_column lowpadding"><div class="wpb_wrapper"><h3>Aslı Karagöz</h3>
<p><strong>Müşteri İlişkileri</strong></p>
<p><a href="mailto:asli@profaj.com">asli@profaj.com</a></p>
</div></div><div class="w-separator size_custom" style="height:0.5rem"></div><div class="wpb_text_column"><div class="wpb_wrapper"><p>Ege Üniversitesi İletişim Fakültesi Reklamcılık Bölümü Mezunu.</p>
<p>360 Derece Marka Yönetimi alanında 7 yılı aşkın tecrübeye sahip olan Aslı, kariyerine Profaj&#8217;da <b>Kilit Müşteri Yöneticisi</b> olarak devam ediyor.</p>
<p>Müşteri beklentilerini ve iş hedeflerini derinlemesine analiz eden bu pozisyonda, markalar için uzun soluklu stratejiler geliştirerek projelerin zamanında, bütçe dahilinde ve hedeflenen kalite standartlarında A&#8217;dan Z&#8217;ye yönetilmesini sağlıyor.</p>
<p><b>Yetenek ve Uzmanlıkları:</b></p>
<ul>
<li>Müşteri İlişkileri Yönetimi</li>
<li>360 Derece Marka Yönetimi</li>
<li>Dijital Pazarlama Stratejisi</li>
<li>Kurumsal İletişim</li>
<li>İçerik Geliştirme</li>
<li>Proje Yönetimi</li>
<li>Ekip Yönetimi</li>
<li>Müzakere Becerileri</li>
<li>Reklam Kampanyası Yönetimi</li>
</ul>
</div></div></div></div></div></div></div></section>

Aslı Karagöz Müşteri İlişkileri asli@profaj.com Ege Üniversitesi İletişim Fakültesi Reklamcılık Bölümü Mezunu. 360 Derece Marka Yönetimi alanında 7 yılı aşkın tecrübeye sahip olan Aslı, kariyerine Profaj&#8217;da Kilit Müşteri Yöneticisi olarak devam ediyor. Müşteri beklentilerini ve iş hedeflerini derinlemesine analiz eden bu pozisyonda, markalar için uzun soluklu stratejiler geliştirerek projelerin zamanında, bütçe dahilinde ve hedeflenen kalite...
