

{"id":40125,"date":"2024-12-06T17:39:08","date_gmt":"2024-12-06T14:39:08","guid":{"rendered":"https:\/\/profaj.com\/ekip\/ece-ceren-erdic\/"},"modified":"2024-12-06T17:39:08","modified_gmt":"2024-12-06T14:39:08","slug":"ece-ceren-erdic","status":"publish","type":"ekip","link":"https:\/\/profaj.com\/en\/ekip\/ece-ceren-erdic\/","title":{"rendered":"Ece Ceren Erdi\u00e7"},"content":{"rendered":"<section class=\"l-section wpb_row height_medium\"><div class=\"l-section-h i-cf\"><div class=\"g-cols vc_row via_flex valign_top type_default\"><div class=\"vc_col-sm-4 wpb_column vc_column_container\"><div class=\"vc_column-inner\"><div class=\"wpb_wrapper\"><div class=\"w-image align_none\"><div class=\"w-image-h\"><img loading=\"lazy\" decoding=\"async\" width=\"1000\" height=\"1000\" src=\"https:\/\/profaj.com\/wp-content\/uploads\/2024\/12\/ece-ceren-profaj.jpg\" class=\"attachment-large size-large\" alt=\"\" srcset=\"https:\/\/profaj.com\/wp-content\/uploads\/2024\/12\/ece-ceren-profaj.jpg 1000w, https:\/\/profaj.com\/wp-content\/uploads\/2024\/12\/ece-ceren-profaj-300x300.jpg 300w, https:\/\/profaj.com\/wp-content\/uploads\/2024\/12\/ece-ceren-profaj-150x150.jpg 150w, https:\/\/profaj.com\/wp-content\/uploads\/2024\/12\/ece-ceren-profaj-350x350.jpg 350w, https:\/\/profaj.com\/wp-content\/uploads\/2024\/12\/ece-ceren-profaj-600x600.jpg 600w, https:\/\/profaj.com\/wp-content\/uploads\/2024\/12\/ece-ceren-profaj-450x450.jpg 450w, https:\/\/profaj.com\/wp-content\/uploads\/2024\/12\/ece-ceren-profaj-533x533.jpg 533w\" sizes=\"auto, (max-width: 1000px) 100vw, 1000px\" \/><\/div><\/div><\/div><\/div><\/div><div class=\"vc_col-sm-8 wpb_column vc_column_container\"><div class=\"vc_column-inner\"><div class=\"wpb_wrapper\"><div class=\"wpb_text_column lowpadding\"><div class=\"wpb_wrapper\"><h3>Ece Ceren Erdi\u00e7<\/h3>\n<p><strong>Sosyal Medya Uzman\u0131<\/strong><\/p>\n<p><a href=\"mailto:ece@profaj.com\">ece@profaj.com<\/a><\/p>\n<\/div><\/div><div class=\"w-separator size_custom\" style=\"height:0.5rem\"><\/div><div class=\"wpb_text_column\"><div class=\"wpb_wrapper\"><p>\u0130\u00e7erik g\u00fcncellenmektedir.<\/p>\n<\/div><\/div><\/div><\/div><\/div><\/div><\/div><\/section>\n","protected":false},"excerpt":{"rendered":"Ece Ceren Erdi\u00e7 Sosyal Medya Uzman\u0131 ece@profaj.com \u0130\u00e7erik g\u00fcncellenmektedir.","protected":false},"featured_media":40124,"template":"","meta":[],"ekip_departman":[937],"class_list":["post-40125","ekip","type-ekip","status-publish","has-post-thumbnail","hentry","ekip_departman-digital-marketing"],"_links":{"self":[{"href":"https:\/\/profaj.com\/en\/wp-json\/wp\/v2\/ekip\/40125","targetHints":{"allow":["GET"]}}],"collection":[{"href":"https:\/\/profaj.com\/en\/wp-json\/wp\/v2\/ekip"}],"about":[{"href":"https:\/\/profaj.com\/en\/wp-json\/wp\/v2\/types\/ekip"}],"wp:featuredmedia":[{"embeddable":true,"href":"https:\/\/profaj.com\/en\/wp-json\/wp\/v2\/media\/40124"}],"wp:attachment":[{"href":"https:\/\/profaj.com\/en\/wp-json\/wp\/v2\/media?parent=40125"}],"wp:term":[{"taxonomy":"ekip_departman","embeddable":true,"href":"https:\/\/profaj.com\/en\/wp-json\/wp\/v2\/ekip_departman?post=40125"}],"curies":[{"name":"wp","href":"https:\/\/api.w.org\/{rel}","templated":true}]}}

Ece Ceren Erdiç

<section class="l-section wpb_row height_medium"><div class="l-section-h i-cf"><div class="g-cols vc_row via_flex valign_top type_default"><div class="vc_col-sm-4 wpb_column vc_column_container"><div class="vc_column-inner"><div class="wpb_wrapper"><div class="w-image align_none"><div class="w-image-h"><img loading="lazy" decoding="async" width="1000" height="1000" src="https://profaj.com/wp-content/uploads/2024/12/ece-ceren-profaj.jpg" class="attachment-large size-large" alt="" srcset="https://profaj.com/wp-content/uploads/2024/12/ece-ceren-profaj.jpg 1000w, https://profaj.com/wp-content/uploads/2024/12/ece-ceren-profaj-300x300.jpg 300w, https://profaj.com/wp-content/uploads/2024/12/ece-ceren-profaj-150x150.jpg 150w, https://profaj.com/wp-content/uploads/2024/12/ece-ceren-profaj-350x350.jpg 350w, https://profaj.com/wp-content/uploads/2024/12/ece-ceren-profaj-600x600.jpg 600w, https://profaj.com/wp-content/uploads/2024/12/ece-ceren-profaj-450x450.jpg 450w, https://profaj.com/wp-content/uploads/2024/12/ece-ceren-profaj-533x533.jpg 533w" sizes="auto, (max-width: 1000px) 100vw, 1000px" /></div></div></div></div></div><div class="vc_col-sm-8 wpb_column vc_column_container"><div class="vc_column-inner"><div class="wpb_wrapper"><div class="wpb_text_column lowpadding"><div class="wpb_wrapper"><h3>Ece Ceren Erdiç</h3>
<p><strong>Sosyal Medya Uzmanı</strong></p>
<p><a href="mailto:ece@profaj.com">ece@profaj.com</a></p>
</div></div><div class="w-separator size_custom" style="height:0.5rem"></div><div class="wpb_text_column"><div class="wpb_wrapper"><p>İçerik güncellenmektedir.</p>
</div></div></div></div></div></div></div></section>

Ece Ceren Erdiç Sosyal Medya Uzmanı ece@profaj.com İçerik güncellenmektedir.
